{"id":899,"date":"2023-05-19T13:46:46","date_gmt":"2023-05-19T11:46:46","guid":{"rendered":"http:\/\/gastrouszczelki.pl\/?page_id=899"},"modified":"2024-11-19T18:25:41","modified_gmt":"2024-11-19T17:25:41","slug":"sklep-uszczelki-magnetyczne","status":"publish","type":"page","link":"https:\/\/gastrouszczelki.pl\/index.php\/sklep-uszczelki-magnetyczne\/","title":{"rendered":"Sklep &#8211; uszczelki magnetyczne"},"content":{"rendered":"\n<figure class=\"wp-block-image size-large is-resized\"><img loading=\"lazy\" decoding=\"async\" width=\"1024\" height=\"768\" src=\"https:\/\/gastrouszczelki.pl\/wp-content\/uploads\/2023\/12\/IMG-8618male-1024x768.jpg\" alt=\"\" class=\"wp-image-1294\" style=\"width:462px;height:auto\" srcset=\"https:\/\/gastrouszczelki.pl\/wp-content\/uploads\/2023\/12\/IMG-8618male-1024x768.jpg 1024w, https:\/\/gastrouszczelki.pl\/wp-content\/uploads\/2023\/12\/IMG-8618male-300x225.jpg 300w, https:\/\/gastrouszczelki.pl\/wp-content\/uploads\/2023\/12\/IMG-8618male-768x576.jpg 768w, https:\/\/gastrouszczelki.pl\/wp-content\/uploads\/2023\/12\/IMG-8618male-1536x1152.jpg 1536w, https:\/\/gastrouszczelki.pl\/wp-content\/uploads\/2023\/12\/IMG-8618male.jpg 1600w\" sizes=\"auto, (max-width: 767px) 89vw, (max-width: 1000px) 54vw, (max-width: 1071px) 543px, 580px\" \/><\/figure>\n\n\n\n<ul class=\"wp-block-list\">\n<li>Mi\u0119kkie PVC modyfikowane elastomerem <\/li>\n\n\n\n<li>Mrozoodporne, chemoodporne oraz olejoodporne <\/li>\n\n\n\n<li>Spe\u0142niaj\u0105 najwy\u017csze standardy jako\u015bci<\/li>\n\n\n\n<li><strong>Zgrzewane w ramki na \u017c\u0105dany wymiar lub w odcinku 2,5m<\/strong><\/li>\n<\/ul>\n\n\n\n<figure class=\"wp-block-gallery has-nested-images columns-3 wp-block-gallery-1 is-layout-flex wp-block-gallery-is-layout-flex\">\n<figure class=\"wp-block-image size-medium is-style-rounded\"><a href=\"https:\/\/gastrouszczelki.pl\/index.php\/uszczelka-af-1\/\"><img loading=\"lazy\" decoding=\"async\" width=\"300\" height=\"300\" data-id=\"1009\" src=\"http:\/\/gastrouszczelki.pl\/wp-content\/uploads\/2023\/05\/1b-edited-1-300x300.jpg\" alt=\"\" class=\"wp-image-1009\" srcset=\"https:\/\/gastrouszczelki.pl\/wp-content\/uploads\/2023\/05\/1b-edited-1-300x300.jpg 300w, https:\/\/gastrouszczelki.pl\/wp-content\/uploads\/2023\/05\/1b-edited-1-250x250.jpg 250w, https:\/\/gastrouszczelki.pl\/wp-content\/uploads\/2023\/05\/1b-edited-1-100x100.jpg 100w, https:\/\/gastrouszczelki.pl\/wp-content\/uploads\/2023\/05\/1b-edited-1-350x350.jpg 350w, https:\/\/gastrouszczelki.pl\/wp-content\/uploads\/2023\/05\/1b-edited-1-1024x1024.jpg 1024w, https:\/\/gastrouszczelki.pl\/wp-content\/uploads\/2023\/05\/1b-edited-1-150x150.jpg 150w, https:\/\/gastrouszczelki.pl\/wp-content\/uploads\/2023\/05\/1b-edited-1-768x768.jpg 768w, https:\/\/gastrouszczelki.pl\/wp-content\/uploads\/2023\/05\/1b-edited-1-1536x1536.jpg 1536w, https:\/\/gastrouszczelki.pl\/wp-content\/uploads\/2023\/05\/1b-edited-1.jpg 1835w\" sizes=\"auto, (max-width: 300px) 100vw, 300px\" \/><\/a><\/figure>\n\n\n\n<figure class=\"wp-block-image size-medium is-style-rounded\"><a href=\"https:\/\/gastrouszczelki.pl\/index.php\/uszczelka-af-2\/\"><img loading=\"lazy\" decoding=\"async\" width=\"300\" height=\"300\" data-id=\"996\" src=\"http:\/\/gastrouszczelki.pl\/wp-content\/uploads\/2023\/05\/2b-2-300x300.jpg\" alt=\"\" class=\"wp-image-996\" srcset=\"https:\/\/gastrouszczelki.pl\/wp-content\/uploads\/2023\/05\/2b-2-300x300.jpg 300w, https:\/\/gastrouszczelki.pl\/wp-content\/uploads\/2023\/05\/2b-2-250x250.jpg 250w, https:\/\/gastrouszczelki.pl\/wp-content\/uploads\/2023\/05\/2b-2-100x100.jpg 100w, https:\/\/gastrouszczelki.pl\/wp-content\/uploads\/2023\/05\/2b-2-350x350.jpg 350w, https:\/\/gastrouszczelki.pl\/wp-content\/uploads\/2023\/05\/2b-2-1024x1024.jpg 1024w, https:\/\/gastrouszczelki.pl\/wp-content\/uploads\/2023\/05\/2b-2-150x150.jpg 150w, https:\/\/gastrouszczelki.pl\/wp-content\/uploads\/2023\/05\/2b-2-768x768.jpg 768w, https:\/\/gastrouszczelki.pl\/wp-content\/uploads\/2023\/05\/2b-2-1536x1536.jpg 1536w, https:\/\/gastrouszczelki.pl\/wp-content\/uploads\/2023\/05\/2b-2.jpg 1800w\" sizes=\"auto, (max-width: 300px) 100vw, 300px\" \/><\/a><\/figure>\n\n\n\n<figure class=\"wp-block-image size-medium is-style-rounded\"><a href=\"https:\/\/gastrouszczelki.pl\/index.php\/uszczelka-af-3\/\"><img loading=\"lazy\" decoding=\"async\" width=\"300\" height=\"300\" data-id=\"997\" src=\"http:\/\/gastrouszczelki.pl\/wp-content\/uploads\/2023\/05\/3b-5-300x300.jpg\" alt=\"\" class=\"wp-image-997\" srcset=\"https:\/\/gastrouszczelki.pl\/wp-content\/uploads\/2023\/05\/3b-5-300x300.jpg 300w, https:\/\/gastrouszczelki.pl\/wp-content\/uploads\/2023\/05\/3b-5-250x250.jpg 250w, https:\/\/gastrouszczelki.pl\/wp-content\/uploads\/2023\/05\/3b-5-100x100.jpg 100w, https:\/\/gastrouszczelki.pl\/wp-content\/uploads\/2023\/05\/3b-5-350x350.jpg 350w, https:\/\/gastrouszczelki.pl\/wp-content\/uploads\/2023\/05\/3b-5-1024x1024.jpg 1024w, https:\/\/gastrouszczelki.pl\/wp-content\/uploads\/2023\/05\/3b-5-150x150.jpg 150w, https:\/\/gastrouszczelki.pl\/wp-content\/uploads\/2023\/05\/3b-5-768x768.jpg 768w, https:\/\/gastrouszczelki.pl\/wp-content\/uploads\/2023\/05\/3b-5-1536x1536.jpg 1536w, https:\/\/gastrouszczelki.pl\/wp-content\/uploads\/2023\/05\/3b-5.jpg 2000w\" sizes=\"auto, (max-width: 300px) 100vw, 300px\" \/><\/a><\/figure>\n\n\n\n<figure class=\"wp-block-image size-medium is-style-rounded\"><a href=\"https:\/\/gastrouszczelki.pl\/index.php\/uszczelka-af-4\/\"><img loading=\"lazy\" decoding=\"async\" width=\"300\" height=\"300\" data-id=\"1006\" src=\"http:\/\/gastrouszczelki.pl\/wp-content\/uploads\/2023\/05\/4b-1-300x300.jpg\" alt=\"\" class=\"wp-image-1006\" srcset=\"https:\/\/gastrouszczelki.pl\/wp-content\/uploads\/2023\/05\/4b-1-300x300.jpg 300w, https:\/\/gastrouszczelki.pl\/wp-content\/uploads\/2023\/05\/4b-1-250x250.jpg 250w, https:\/\/gastrouszczelki.pl\/wp-content\/uploads\/2023\/05\/4b-1-100x100.jpg 100w, https:\/\/gastrouszczelki.pl\/wp-content\/uploads\/2023\/05\/4b-1-350x350.jpg 350w, https:\/\/gastrouszczelki.pl\/wp-content\/uploads\/2023\/05\/4b-1-1024x1024.jpg 1024w, https:\/\/gastrouszczelki.pl\/wp-content\/uploads\/2023\/05\/4b-1-150x150.jpg 150w, https:\/\/gastrouszczelki.pl\/wp-content\/uploads\/2023\/05\/4b-1-768x768.jpg 768w, https:\/\/gastrouszczelki.pl\/wp-content\/uploads\/2023\/05\/4b-1-1536x1536.jpg 1536w, https:\/\/gastrouszczelki.pl\/wp-content\/uploads\/2023\/05\/4b-1.jpg 2000w\" sizes=\"auto, (max-width: 300px) 100vw, 300px\" \/><\/a><\/figure>\n\n\n\n<figure class=\"wp-block-image size-medium is-style-rounded\"><a href=\"https:\/\/gastrouszczelki.pl\/index.php\/uszczelka-af-5\/\"><img loading=\"lazy\" decoding=\"async\" width=\"300\" height=\"300\" data-id=\"1004\" src=\"http:\/\/gastrouszczelki.pl\/wp-content\/uploads\/2023\/05\/5b-1-300x300.jpg\" alt=\"\" class=\"wp-image-1004\" srcset=\"https:\/\/gastrouszczelki.pl\/wp-content\/uploads\/2023\/05\/5b-1-300x300.jpg 300w, https:\/\/gastrouszczelki.pl\/wp-content\/uploads\/2023\/05\/5b-1-250x250.jpg 250w, https:\/\/gastrouszczelki.pl\/wp-content\/uploads\/2023\/05\/5b-1-100x100.jpg 100w, https:\/\/gastrouszczelki.pl\/wp-content\/uploads\/2023\/05\/5b-1-350x350.jpg 350w, https:\/\/gastrouszczelki.pl\/wp-content\/uploads\/2023\/05\/5b-1-1024x1024.jpg 1024w, https:\/\/gastrouszczelki.pl\/wp-content\/uploads\/2023\/05\/5b-1-150x150.jpg 150w, https:\/\/gastrouszczelki.pl\/wp-content\/uploads\/2023\/05\/5b-1-768x768.jpg 768w, https:\/\/gastrouszczelki.pl\/wp-content\/uploads\/2023\/05\/5b-1-1536x1536.jpg 1536w, https:\/\/gastrouszczelki.pl\/wp-content\/uploads\/2023\/05\/5b-1.jpg 2000w\" sizes=\"auto, (max-width: 300px) 100vw, 300px\" \/><\/a><\/figure>\n\n\n\n<figure class=\"wp-block-image size-medium is-style-rounded\"><a href=\"https:\/\/gastrouszczelki.pl\/index.php\/uszczelka-af-6\/\"><img loading=\"lazy\" decoding=\"async\" width=\"300\" height=\"300\" data-id=\"1005\" src=\"http:\/\/gastrouszczelki.pl\/wp-content\/uploads\/2023\/05\/6b-1-300x300.jpg\" alt=\"\" class=\"wp-image-1005\" srcset=\"https:\/\/gastrouszczelki.pl\/wp-content\/uploads\/2023\/05\/6b-1-300x300.jpg 300w, https:\/\/gastrouszczelki.pl\/wp-content\/uploads\/2023\/05\/6b-1-250x250.jpg 250w, https:\/\/gastrouszczelki.pl\/wp-content\/uploads\/2023\/05\/6b-1-100x100.jpg 100w, https:\/\/gastrouszczelki.pl\/wp-content\/uploads\/2023\/05\/6b-1-350x350.jpg 350w, https:\/\/gastrouszczelki.pl\/wp-content\/uploads\/2023\/05\/6b-1-1024x1024.jpg 1024w, https:\/\/gastrouszczelki.pl\/wp-content\/uploads\/2023\/05\/6b-1-150x150.jpg 150w, https:\/\/gastrouszczelki.pl\/wp-content\/uploads\/2023\/05\/6b-1-768x768.jpg 768w, https:\/\/gastrouszczelki.pl\/wp-content\/uploads\/2023\/05\/6b-1-1536x1536.jpg 1536w, https:\/\/gastrouszczelki.pl\/wp-content\/uploads\/2023\/05\/6b-1.jpg 2000w\" sizes=\"auto, (max-width: 300px) 100vw, 300px\" \/><\/a><\/figure>\n\n\n\n<figure class=\"wp-block-image size-medium is-style-rounded\"><a href=\"https:\/\/gastrouszczelki.pl\/index.php\/uszczelka-af-7\/\"><img loading=\"lazy\" decoding=\"async\" width=\"300\" height=\"300\" data-id=\"1007\" src=\"http:\/\/gastrouszczelki.pl\/wp-content\/uploads\/2023\/05\/7b-1-300x300.jpg\" alt=\"\" class=\"wp-image-1007\" srcset=\"https:\/\/gastrouszczelki.pl\/wp-content\/uploads\/2023\/05\/7b-1-300x300.jpg 300w, https:\/\/gastrouszczelki.pl\/wp-content\/uploads\/2023\/05\/7b-1-250x250.jpg 250w, https:\/\/gastrouszczelki.pl\/wp-content\/uploads\/2023\/05\/7b-1-100x100.jpg 100w, https:\/\/gastrouszczelki.pl\/wp-content\/uploads\/2023\/05\/7b-1-350x350.jpg 350w, https:\/\/gastrouszczelki.pl\/wp-content\/uploads\/2023\/05\/7b-1-1024x1024.jpg 1024w, https:\/\/gastrouszczelki.pl\/wp-content\/uploads\/2023\/05\/7b-1-150x150.jpg 150w, https:\/\/gastrouszczelki.pl\/wp-content\/uploads\/2023\/05\/7b-1-768x768.jpg 768w, https:\/\/gastrouszczelki.pl\/wp-content\/uploads\/2023\/05\/7b-1-1536x1536.jpg 1536w, https:\/\/gastrouszczelki.pl\/wp-content\/uploads\/2023\/05\/7b-1.jpg 2000w\" sizes=\"auto, (max-width: 300px) 100vw, 300px\" \/><\/a><\/figure>\n\n\n\n<figure class=\"wp-block-image size-medium is-style-rounded\"><a href=\"https:\/\/gastrouszczelki.pl\/index.php\/uszczelka-af-8\/\"><img loading=\"lazy\" decoding=\"async\" width=\"300\" height=\"300\" data-id=\"1002\" src=\"http:\/\/gastrouszczelki.pl\/wp-content\/uploads\/2023\/05\/8b-300x300.jpg\" alt=\"\" class=\"wp-image-1002\" srcset=\"https:\/\/gastrouszczelki.pl\/wp-content\/uploads\/2023\/05\/8b-300x300.jpg 300w, https:\/\/gastrouszczelki.pl\/wp-content\/uploads\/2023\/05\/8b-250x250.jpg 250w, https:\/\/gastrouszczelki.pl\/wp-content\/uploads\/2023\/05\/8b-100x100.jpg 100w, https:\/\/gastrouszczelki.pl\/wp-content\/uploads\/2023\/05\/8b-350x350.jpg 350w, https:\/\/gastrouszczelki.pl\/wp-content\/uploads\/2023\/05\/8b-1024x1024.jpg 1024w, https:\/\/gastrouszczelki.pl\/wp-content\/uploads\/2023\/05\/8b-150x150.jpg 150w, https:\/\/gastrouszczelki.pl\/wp-content\/uploads\/2023\/05\/8b-768x768.jpg 768w, https:\/\/gastrouszczelki.pl\/wp-content\/uploads\/2023\/05\/8b-1536x1536.jpg 1536w, https:\/\/gastrouszczelki.pl\/wp-content\/uploads\/2023\/05\/8b.jpg 2000w\" sizes=\"auto, (max-width: 300px) 100vw, 300px\" \/><\/a><\/figure>\n\n\n\n<figure class=\"wp-block-image size-medium is-style-rounded\"><a href=\"https:\/\/gastrouszczelki.pl\/index.php\/uszczelka-af-9\/\"><img loading=\"lazy\" decoding=\"async\" width=\"300\" height=\"300\" data-id=\"1003\" src=\"http:\/\/gastrouszczelki.pl\/wp-content\/uploads\/2023\/05\/9b-300x300.jpg\" alt=\"\" class=\"wp-image-1003\" srcset=\"https:\/\/gastrouszczelki.pl\/wp-content\/uploads\/2023\/05\/9b-300x300.jpg 300w, https:\/\/gastrouszczelki.pl\/wp-content\/uploads\/2023\/05\/9b-250x250.jpg 250w, https:\/\/gastrouszczelki.pl\/wp-content\/uploads\/2023\/05\/9b-100x100.jpg 100w, https:\/\/gastrouszczelki.pl\/wp-content\/uploads\/2023\/05\/9b-350x350.jpg 350w, https:\/\/gastrouszczelki.pl\/wp-content\/uploads\/2023\/05\/9b-1024x1024.jpg 1024w, https:\/\/gastrouszczelki.pl\/wp-content\/uploads\/2023\/05\/9b-150x150.jpg 150w, https:\/\/gastrouszczelki.pl\/wp-content\/uploads\/2023\/05\/9b-768x768.jpg 768w, https:\/\/gastrouszczelki.pl\/wp-content\/uploads\/2023\/05\/9b-1536x1536.jpg 1536w, https:\/\/gastrouszczelki.pl\/wp-content\/uploads\/2023\/05\/9b.jpg 2000w\" sizes=\"auto, (max-width: 300px) 100vw, 300px\" \/><\/a><\/figure>\n<\/figure>\n\n\n\n<div class=\"wp-block-buttons is-layout-flex wp-container-core-buttons-is-layout-c07eda73 wp-block-buttons-is-layout-flex\">\n<div class=\"wp-block-button is-style-outline is-style-outline--2\"><a class=\"wp-block-button__link wp-element-button\" href=\"https:\/\/gastrouszczelki.pl\/index.php\/zestaw-probek\/\">Zam\u00f3w zestaw pr\u00f3bek<\/a><\/div>\n<\/div>\n","protected":false},"excerpt":{"rendered":"","protected":false},"author":1,"featured_media":0,"parent":0,"menu_order":0,"comment_status":"closed","ping_status":"closed","template":"","meta":{"footnotes":""},"class_list":["post-899","page","type-page","status-publish","hentry"],"_links":{"self":[{"href":"https:\/\/gastrouszczelki.pl\/index.php\/wp-json\/wp\/v2\/pages\/899","targetHints":{"allow":["GET"]}}],"collection":[{"href":"https:\/\/gastrouszczelki.pl\/index.php\/wp-json\/wp\/v2\/pages"}],"about":[{"href":"https:\/\/gastrouszczelki.pl\/index.php\/wp-json\/wp\/v2\/types\/page"}],"author":[{"embeddable":true,"href":"https:\/\/gastrouszczelki.pl\/index.php\/wp-json\/wp\/v2\/users\/1"}],"replies":[{"embeddable":true,"href":"https:\/\/gastrouszczelki.pl\/index.php\/wp-json\/wp\/v2\/comments?post=899"}],"version-history":[{"count":45,"href":"https:\/\/gastrouszczelki.pl\/index.php\/wp-json\/wp\/v2\/pages\/899\/revisions"}],"predecessor-version":[{"id":1403,"href":"https:\/\/gastrouszczelki.pl\/index.php\/wp-json\/wp\/v2\/pages\/899\/revisions\/1403"}],"wp:attachment":[{"href":"https:\/\/gastrouszczelki.pl\/index.php\/wp-json\/wp\/v2\/media?parent=899"}],"curies":[{"name":"wp","href":"https:\/\/api.w.org\/{rel}","templated":true}]}}